 0. What is the remainder when w is divided by 86?
80
What is the remainder when 143 is divided by 261/7 + -2*8/56?
32
Let x(q) = 47*q + 474. What is the remainder when 2 - (-18 + (-2)/(-1)) is divided by x(-10)?
2
Let f(b) = -b**3 - 20*b**2 + 21*b + 13. What is the remainder when 868 is divided by f(-21)?
10
Suppose -12 = -5*l - 42. What is the remainder when l*(4 + (-150)/12) is divided by 14?
9
Let f = 652 - 527. Let c(t) = 2*t**2 + 3*t - 1. What is the remainder when f is divided by c(4)?
39
Calculate the remainder when 2*(211/2 - (-6 + 13)) is divided by 6.
5
Let u be (-1 - 4)*1 - -7. Suppose c + c - u*q = 100, -5*c + 271 = 2*q. Let f(p) = -p**3 + p**2 - p + 14. What is the remainder when c is divided by f(0)?
11
Let c(t) = -t**2 + 3*t + 8. Let l be c(4). Suppose 6*n - l*n - 184 = 0. Calculate the remainder when n is divided by 24.
20
Suppose -110 = -4*t - r, 0 = -0*r + 3*r - 6. Calculate the remainder when 134 is divided by t.
26
Let o(a) = -10*a - 25. Let h be o(-21). Suppose h = 14*q - 179. Suppose -3*t + 225 = -0*t. What is the remainder when t is divided by q?
23
Let q be (0 - (-2 - 2)) + 0. Suppose -3*t - 99 = -q*y, 9*y - 150 = 4*y - 5*t. Calculate the remainder when y is divided by 16.
11
Suppose 143*i - 51*i = 54004. What is the remainder when i is divided by 12?
11
Suppose 0 = 4*f - 7*f + 642. Let h = f - 92. Calculate the remainder when h is divided by 36.
14
Suppose 21*z = 255 + 522. Calculate the remainder when 121 is divided by z.
10
Let n = -353 - -660. Calculate the remainder when n is divided by 3.
1
Suppose 20*u + 11*u = 93. Suppose 0 = -2*k + 5 - 1. Calculate the remainder when u is divided by k.
1
Suppose 0 = 2*u + 20 - 8. Let s(c) = -11*c + 2*c - 7*c**2 - 1 + 0*c - c**3. Calculate the remainder when s(u) is divided by 9.
8
Let y be ((-7)/(-2))/(1/2). Let x be y/(-3) + 1/3. What is the remainder when 24 is divided by 2/x + 14/1?
11
Suppose 3*k - 4 = -2*t + 13, -k + 2*t - 5 = 0. Calculate the remainder when (-3 + 47)*(4 - k) is divided by 16.
12
Suppose -37 = m + 7. Calculate the remainder when (1 - 2)*(0 + m) is divided by 9.
8
Suppose -5*n - 2*z - z = -725, -3*n - 2*z = -436. Suppose -5*x + 116 = k, 5*x + 31 = 4*k + n. Calculate the remainder when x is divided by 6.
5
Let k(s) = -s**3 + 11*s**2 + 29*s - 1. Let u be k(13). Suppose -3*j + u + 7 = 0. Calculate the remainder when 28 is divided by j.
13
Let u(x) = -19*x + 3. Let j be u(2). Let r be -28*11/(-88)*(-18)/(-1). What is the remainder when (1 + j)*r/(-42) is divided by 13?
12
Calculate the remainder when (290/2)/((3 - 3) + 1) is divided by 49.
47
Let q(v) = 2*v**3 - 10*v**2 - 15*v + 8. Calculate the remainder when 790 is divided by q(7).
97
Let j(p) = -7*p - 19. Let s(o) = 1 + 4*o - 8*o - 14*o. Calculate the remainder when j(-8) is divided by s(-1).
18
Let m = -27 - -58. What is the remainder when 153 is divided by m?
29
Let h be (-39)/91 - 101/(-7). Suppose -8 = -15*z + h*z. What is the remainder when 23 is divided by z?
7
Let z be (-122)/(-10) - 14/70. Suppose g - 6*g + 14 = 3*d, 0 = -2*d + 2*g - z. Let x(a) = -2*a**3 - 3. Calculate the remainder when x(d) is divided by 7.
6
Suppose -4*h + 180 = 4*p, 0*p - 30 = -p + 4*h. Suppose 2*a - 3*a = 21. What is the remainder when p is divided by (75/7)/1 + (-6)/a?
9
Suppose -5*n + 684 = -n. What is the remainder when n is divided by 29?
26
Let y(n) = 141*n - 695. Calculate the remainder when 169 is divided by y(5).
9
Let p = 42 - 40. What is the remainder when 28 is divided by (2*(-2)/8)/(p/(-40))?
8
Let q(d) = -3*d**2 + 10*d + 32. Let a(s) = 4*s**2 - 9*s - 31. Let j(r) = -4*a(r) - 5*q(r). What is the remainder when j(-8) is divided by 7?
5
Calculate the remainder when 65 is divided by (540/8 + -3)/((-33)/(-22)).
22
Let m(q) = -q**2 - 13*q + 14. Let i be m(-14). Suppose -4*y + 126 = -3*n, -8 = -4*n - i. What is the remainder when 98 is divided by y?
32
Let t = -1020 - -1140. What is the remainder when t is divided by 66?
54
Let w(f) = -f**2 - 8*f - 4. Let v be w(-7). Let p(a) = a**3 - 2*a**2 + 2*a - 2. Calculate the remainder when 47 is divided by p(v).
8
Let l = 1372 + -1343. What is the remainder when 84 is divided by l?
26
Suppose -62 = -4*u - 2*l, -u + 4*u - 2*l = 36. Let o = 37 - 28. What is the remainder when u is divided by o?
5
Suppose -298*b + 154*b = -161*b + 1445. Let u be (-6)/4 + 1/(-2). Calculate the remainder when b is divided by (-59)/u - 2/4.
27
Suppose -23*f = -21*f - 6. Suppose 0 = 5*a + x + f*x - 205, -3*x = -5*a + 205. What is the remainder when a is divided by 11?
8
Let a = 29 - 27. Suppose a*s - 4*s - 2*p + 4 = 0, -5*s + 40 = -5*p. Let o(l) = l**2 - 3*l - 2. What is the remainder when 14 is divided by o(s)?
6
Let z = -941 - -949. What is the remainder when 76 is divided by z?
4
Let g = -1 - -1. Suppose -24*h + 21*h + 24 = 0. Suppose 4*l + h - 16 = g. Calculate the remainder when 6 is divided by l.
0
Suppose p = -4, 4*p - p = 3*g - 36. What is the remainder when 162 is divided by g?
2
Let n = 26 + -18. Suppose -i - 2 - 9 = 2*r, 2*i + 17 = -5*r. What is the remainder when (i/(-12))/((-3)/(-36)) is divided by n?
5
Suppose 232 = k + 3*k. Let n(g) = 10*g**2 + 3*g - 3. Calculate the remainder when k is divided by n(-2).
27
Let s = -639 - -646. What is the remainder when 46 is divided by s?
4
Let f(z) = 8*z - 2. Let n be (10/(-3))/((-6)/(-9)). Let r = n - -13. What is the remainder when f(2) is divided by r?
6
Suppose k - f = -3*f, 0 = -5*k - f + 45. What is the remainder when 15 is divided by (-16)/20 + 38/k + 4?
1
Suppose -6738 - 2376 = -335*h + 1941. What is the remainder when h is divided by (4/6)/(2/21)?
5
Suppose 0 = -7*m + 11*m - 128. Let a = 8 + 3. Calculate the remainder when m is divided by a.
10
Let g = -627 - -639. Calculate the remainder when 163 is divided by g.
7
Suppose -6*w + 99 = -33. Let c = 31 - w. Calculate the remainder when c is divided by 5.
4
Let r(o) be the second derivative of 47*o**5/20 - o**4/12 + o**3/6 - o**2/2 - 7*o. What is the remainder when r(1) is divided by 8?
6
Suppose 4*y = -i + 46, -2*i - y + 36 + 28 = 0. Calculate the remainder when 239 is divided by i.
29
Suppose -3*b - 4*n + n + 450 = 0, 5*b - 4*n = 759. Let v = b - 122. Calculate the remainder when v is divided by 5.
4
Calculate the remainder when 5/(30/52)*(-90)/(-12) is divided by 27.
11
Let l(f) = 8 - 2*f - 6*f - 6. Let c be l(3). Let m = 53 + c. Calculate the remainder when 122 is divided by m.
29
Suppose 0 = -141*z + 119*z + 990. Calculate the remainder when 92 is divided by z.
2
Suppose -5*p = -5*l + 850, l - 116 = 4*p + 66. Calculate the remainder when l is divided by 21.
19
Let s(r) = -r**2 + 4*r - 3. Let a be s(1). What is the remainder when 125 is divided by 645/(-30)*(a - 2)?
39
Calculate the remainder when (1 + 93)*(-4)/(-8) is divided by 20/(-22)*(0 - 11).
7
Let g(s) = -4*s + 26. Let p be g(5). Suppose -p*c + 211 = 1. What is the remainder when c is divided by 13?
9
Suppose 84*f = 94*f - 170. Calculate the remainder when 167 is divided by f.
14
Calculate the remainder when 1*(-16)/(-40) - 1376/(-10) is divided by 37.
27
Suppose -81 = -5*z - 4*z. Let r = z - -23. What is the remainder when r is divided by 12?
8
Let j = -5 - -9. Suppose j*u - 164 = 2*u. Let q = 123 - u. What is the remainder when q is divided by 21?
20
Let n = 16 - 16. Suppose -3*w + 2*a + 89 = n, 123 = w + 4*w + 3*a. Calculate the remainder when w is divided by ((-14)/(-6))/((-5)/(-30)).
13
Suppose -2*i + 20 + 10 = 0. Let l = 35 + -57. Let r = 80 + l. Calculate the remainder when r is divided by i.
13
Let g = 685 - 574. What is the remainder when g is divided by 41?
29
Suppose -4*c - 3*l + 28 = -3*c, 4*l = c. What is the remainder when 2909 is divided by c?
13
Let n(t) = -t**3 - 24*t**2 + 21*t - 8. Let k be n(-25). Suppose 0 = -6*j - k + 602. What is the remainder when j is divided by 29?
27
Suppose -9*l + 136 = -7*l. Suppose 0 = -3*f + 3*o + 48, -2*o + l = -f + 4*f. Calculate the remainder when 93 is divided by f.
13
Let j(v) = v**3 - 10*v**2 + 17*v - 3. Let b be j(8). Suppose 2*x - b*x = -36. Calculate the remainder when 107 is divided by x.
11
Let f = -30 - -30. Let r be f + (0 - (1 - 123)). Let a = -51 + r. What is the remainder when a is divided by 18?
17
Suppose -2*v = 2*k + 16, -2*k - 55 = v + 4*v. Let n = 12 + v. What is